2?
False
Is 4228059 a multiple of 26?
False
Is 2991839 a multiple of 197?
True
Is 255068 a multiple of 187?
True
Is 55536 a multiple of 16?
True
Is 571 a factor of 3990754?
False
Is 9 a factor of 313020?
True
Does 67 divide 22527008?
True
Is 16 a factor of 66928?
True
Is 43 a factor of 89316?
False
Is 4 a factor of 70122?
False
Is 21998 a multiple of 503?
False
Does 65 divide 940151?
False
Is 263844 a multiple of 108?
True
Does 645 divide 1119720?
True
Is 103461 a multiple of 168?
False
Is 7521953 a multiple of 24?
False
Does 48 divide 202368?
True
Is 82841 a multiple of 38?
False
Is 187751 a multiple of 227?
False
Is 27498395 a multiple of 12?
False
Is 64 a factor of 351168?
True
Is 53 a factor of 2119278?
False
Is 281159 a multiple of 232?
False
Does 7 divide 1712627?
True
Is 232 a factor of 388167?
False
Is 20 a factor of 6227645?
False
Does 325 divide 6482041?
False
Is 252760 a multiple of 568?
True
Is 4443327 a multiple of 63?
True
Is 2425650 a multiple of 75?
True
Is 15 a factor of 213885?
True
Is 149336 a multiple of 2?
True
Is 689073 a multiple of 77?
True
Is 2750 a factor of 2780250?
True
Does 68 divide 912240?
False
Is 198 a factor of 230869?
False
Is 258185 a multiple of 14?
False
Is 11485755 a multiple of 15?
True
Is 105 a factor of 725993?
False
Is 249 a factor of 389034?
False
Is 9115740 a multiple of 135?
True
Is 232645 a multiple of 5?
True
Is 6024915 a multiple of 45?
True
Does 79 divide 3582176?
True
Does 6 divide 1089906?
True
Does 34 divide 502928?
True
Is 517416 a multiple of 3?
True
Does 226 divide 2611430?
True
Is 20246881 a multiple of 17?
True
Is 100 a factor of 214149?
False
Is 540 a factor of 14568842?
False
Does 6 divide 589807?
False
Is 35 a factor of 92386?
False
Is 22 a factor of 23075694?
False
Does 30 divide 2243250?
True
Does 29 divide 1441507?
False
Is 9522710 a multiple of 10?
True
Is 7 a factor of 3280368?
True
Is 133 a factor of 4170564?
False
Is 17361553 a multiple of 377?
False
Is 76306 a multiple of 175?
False
Is 200826 a multiple of 303?
False
Is 8147956 a multiple of 29?
True
Is 671 a factor of 73139?
True
Is 9840 a multiple of 60?
True
Does 67 divide 188542?
False
Is 93 a factor of 1061005?
False
Does 105 divide 145731?
False
Is 6 a factor of 249588?
True
Is 86 a factor of 223256?
True
Is 144 a factor of 2951413?
False
Is 84672 a multiple of 168?
True
Is 2562640 a multiple of 80?
True
Is 2950 a multiple of 4?
False
Is 547468 a multiple of 166?
True
Is 14815842 a multiple of 291?
False
Is 31 a factor of 595957?
False
Does 14 divide 38304?
True
Is 976 a factor of 404271?
False
Is 28 a factor of 1667456?
True
Is 183 a factor of 113826?
True
Does 2 divide 172194?
True
Does 98 divide 620725?
False
Is 190968 a multiple of 218?
True
Does 356 divide 516912?
True
Is 32 a factor of 686371?
False
Is 8167 a multiple of 8?
False
Does 692 divide 2327583?
False
Is 231633 a multiple of 207?
True
Is 73562 a multiple of 2?
True
Is 13 a factor of 162869?
False
Does 242 divide 4960032?
True
Does 16 divide 201942?
False
Is 13 a factor of 47002?
False
Does 34 divide 5874104?
False
Does 183 divide 198089?
False
Does 44 divide 6042896?
False
Does 13 divide 21388?
False
Does 980 divide 6154400?
True
Does 65 divide 38017?
False
Is 31068 a multiple of 4?
True
Does 1333 divide 16675830?
True
Does 15 divide 333189?
False
Is 161 a factor of 973417?
False
Is 582236 a multiple of 532?
False
Is 885744 a multiple of 24?
True
Does 163 divide 109862?
True
Does 82 divide 9756268?
False
Is 1979040 a multiple of 70?
True
Does 6 divide 33402?
True
Does 21 divide 375929?
False
Does 118 divide 1007720?
True
Is 253 a factor of 142757?
False
Is 560736 a multiple of 472?
True
Is 26352880 a multiple of 880?
False
Is 6 a factor of 1293690?
True
Does 7 divide 505834?
True
Does 16 divide 664914?
False
Is 107 a factor of 50504?
True
Is 3569563 a multiple of 80?
False
Is 2538260 a multiple of 9?
False
Is 399 a factor of 9126019?
False
Does 39 divide 47190?
True
Is 12 a factor of 134376?
True
Does 84 divide 155652?
True
Is 536418 a multiple of 102?
True
Is 973575 a multiple of 11?
False
Is 539 a factor of 546346?
False
Is 1075 a factor of 11987097?
False
Is 1372718 a multiple of 32?
False
Does 49 divide 13470?
False
Is 844 a factor of 2064424?
True
Does 31 divide 155899?
True
Is 6073227 a multiple of 17?
False
Is 1551260 a multiple of 10?
True
Is 251 a factor of 1322519?
True
Does 138 divide 1240007?
False
Is 20 a factor of 45109?
False
Does 7 divide 186417?
True
Is 8218 a multiple of 350?
False
Does 331 divide 769244?
True
Does 4 divide 942076?
True
Does 99 divide 518676?
False
Does 15 divide 1547325?
True
Is 4032375 a multiple of 165?
False
Is 18 a factor of 607050?
True
Is 128 a factor of 7594112?
True
Is 4437594 a multiple of 1051?
False
Is 476499 a multiple of 8?
False
Is 297 a factor of 6104241?
True
Is 378 a factor of 102708?
False
Is 17 a factor of 1223443?
False
Is 17 a factor of 244443?
True
Is 39 a factor of 15151578?
True
Is 582792 a multiple of 8?
True
Is 102820 a multiple of 388?
True
Is 21137 a multiple of 33?
False
Does 24 divide 230489?
False
Is 27 a factor of 158112?
True
Is 1081 a factor of 14674253?
False
Is 21 a factor of 241708?
False
Is 248624 a multiple of 181?
False
Is 35 a factor of 3136840?
True
Is 98 a factor of 525574?
True
Does 321 divide 1723449?
True
Is 11 a factor of 56760?
True
Does 189 divide 67870?
False
Is 593496 a multiple of 24?
True
Does 363 divide 14619825?
True
Does 2336 divide 8663173?
False
Is 10156123 a multiple of 856?
False
Is 136 a factor of 50324?
False
Is 2 a factor of 313414?
True
Is 1255263 a multiple of 151?
True
Does 5 divide 10595?
True
Is 69 a factor of 908454?
True
Is 33 a factor of 1458593?
False
Is 30 a factor of 519000?
True
Is 827404 a multiple of 12?
False
Is 14 a factor of 100381?
False
Is 10 a factor of 2534138?
False
Does 756 divide 1139016?
False
Is 56286 a multiple of 53?
True
Does 22 divide 8308959?
False
Is 6 a factor of 5830?
False
Is 1183627 a multiple of 56?
False
Is 16 a factor of 21215?
False
Does 144 divide 928368?
True
Is 5525952 a multiple of 17?
True
Is 41 a factor of 333289?
True
Is 24 a factor of 23808?
True
Is 5 a factor of 146555?
True
Is 1400728 a multiple of 26?
False
Is 1790074 a multiple of 13?
True
Does 15 divide 165?
True
Does 321 divide 240867?
False
Is 8 a factor of 17268?
False
Is 60 a factor of 81000?
True
Is 56028 a multiple of 30?
False
Is 127286 a multiple of 62?
True
Does 7 divide 12323?
False
Does 55 divide 4867500?
True
Is 43 a factor of 1006255?
False
Is 769 a factor of 5354547?
True
Does 10 divide 184780?
True
Is 5 a factor of 199200?
True
Is 750284 a multiple of 13?
False
Is 94 a factor of 1071528?
False
Does 8 divide 348344?
True
Is 686 a factor of 1634052?
True
Is 3411715 a multiple of 35?
False
Does 6 divide 1442055?
False
Is 680 a factor of 647360?
True
Does 92 divide 170902?
False
Is 34 a factor of 12023783?
False
Does 14 divide 2124906?
True
Does 18 divide 202608?
True
Is 8719 a multiple of 103?
False
Is 209960 a multiple of 290?
True
Is 157225 a multiple of 25?
True
Is 11679053 a multiple of 19?
True
Does 10 divide 170480?
True
Is 344703 a multiple of 3?
True
Is 49848 a multiple of 134?
True
Does 361 divide 280497?
True
Does 239 divide 615664?
True
Is 2661873 a multiple of 76?
False
Is 646 a factor of 2310742?
True
Does 3 divide 316889?
False
Is 7497213 a multiple of 195?
False
Does 23 divide 15405883?
True
Does 23 divide 12312636?
True
Is 8231 a multiple of 10?
False
Is 73 a factor of 4108002?
True
Does 56 divide 172256?
True
Does 2 divide 16903?
False
Is 8 a factor of 40199?
False
Does 76 divide 523716?
True
Does 195 divide 798915?
True
Is 20 a factor of 603000?
True
Is 3924744 a multiple of 232?
True
Is 66 a factor of 3594690?
True
Is 2 a factor of 208648?
True
Is 30 a factor of 79890?
True
Does 45 divide 540630?
True
Is 400144 a multiple of 356?
True
Is 547910 a multiple of 22?
True
Does 1267 divide 11158798?
False
Is 55 a factor of 962610?
True
Is 723922 a multiple of 14?
False
Is 38 a factor of 65588?
True
Is 36 a factor of 937368?
True
Is 29795 a multiple of 51?
False
Does 611 divide 34827?
True
Is 1218455 a multiple of 84?
False
Does 322 divide 1182208?
False
Is 6630974 a multiple of 49?
True
Is 36234 a multiple of 198?
True
Is 86 a